+ -12. Suppose -5*q + c*s + 57 = -138, -5*q - 2*s = -167. What is the remainder when q is divided by 12?
11
Suppose 0 = -3*j - j + 436. Suppose 2*v - 2*r - 111 = -3*v, 5*v - 3*r = j. Let f = 6 + 2. What is the remainder when v is divided by f?
7
Let d = -30 + 34. What is the remainder when d is divided by 3?
1
Let y = -4 - -2. Let r be 44 - 0/((-6)/y). Suppose -q - 26 = -3*f, 4*q + r = 5*f + 3*q. Calculate the remainder when 17 is divided by f.
8
Suppose 12*f - 9*f - 234 = 0. What is the remainder when f is divided by 20?
18
Let v = -8 - -5. Let q = v - -5. Let w = -12 + 17. Calculate the remainder when w is divided by q.
1
Let y = 55 + -38. Calculate the remainder when 59 is divided by y.
8
Calculate the remainder when 21 is divided by -2 - (-6)/(-1 + 4) - -8.
5
Suppose 0 = -4*x - 12, -2*x = -i + 6 + 16. What is the remainder when 45 is divided by i?
13
Let z(c) = -3*c**3 - c**2 + c + 1. Let n(u) = -u**2 + 2*u**3 + 0*u**3 + 2*u - 4 + 3. Calculate the remainder when z(-1) is divided by n(1).
0
Let f(b) = 3*b - 3. Suppose 12*q - 15 = 9*q. Calculate the remainder when q is divided by f(2).
2
Suppose -2*x = 2*b - 4, 4*x + 6 = 2*b - 22. Suppose f - 4 = 0, r - b*r + 2*f = -247. What is the remainder when r is divided by 18?
15
Let c = 15 + 10. Suppose 0 = 5*s + 5*v + 15, 5*s = -0*v + 3*v + c. Suppose -10 = -s*g + 10. What is the remainder when 28 is divided by g?
8
Let v = -7 + 18. Let a(p) = 3*p - 14. Let g be a(7). Let j(t) = 6*t - 12. Calculate the remainder when j(g) is divided by v.
8
Let c be (-23)/7 - 2/(-7). Let m(x) = 0 + 6*x - 2 + x**2 - 5*x. What is the remainder when 10 is divided by m(c)?
2
Let w(s) = 3*s - 15. Calculate the remainder when w(16) is divided by 12.
9
Suppose -4*z = 2*i - 98, -2*i = -7*i - 5. Let b(x) = -x**3 - 7*x**2 - 7*x + 3. What is the remainder when z is divided by b(-6)?
7
What is the remainder when 4 is divided by 4/24*-3*-2?
0
Suppose -5*o = 14 - 49. Calculate the remainder when 18 is divided by o.
4
Let d = 6 - 0. Suppose 0 = -13*v + 16*v - 60. Calculate the remainder when v is divided by d.
2
Let m = 1 + 1. Let b(x) = -6*x + 40. What is the remainder when b(6) is divided by m?
0
Let w be (-32)/(-10) - 2/10. Suppose -5*r - 7 - w = 0, 91 = 3*t + 4*r. Let b(i) = 3*i**2 + 2*i + 1. Calculate the remainder when t is divided by b(-2).
6
Let h(s) = s + 7. Calculate the remainder when 3 is divided by h(-6).
0
Suppose -7*g + 3*g - 8 = 0. Let c be -1 + 1 + g - 4. Calculate the remainder when 34 is divided by (4/c)/((-5)/90).
10
Let y be (12/15)/(2/5). Suppose 2*l + g - 8 = 0, -3*l + 3*g = -y - 1. What is the remainder when l is divided by 2?
1
Suppose 0 = -6*b + 4*b + 4*c + 24, c = -5*b + 16. Suppose 5*y - k = 142, -2*y + b*k + 46 = -0*k. What is the remainder when y is divided by 16?
13
Suppose -13 - 63 = -4*w. What is the remainder when 55 is divided by w?
17
Let m(z) = 5*z**2 - 1. Let k be m(-1). Suppose p - 3*o = -4, -k*p + 37 = 4*o - 11. Calculate the remainder when 9 is divided by ((p + -3)/1)/1.
4
Let c be (-9)/(-21) + (-18)/(-7). Suppose 2*p + 2*z = z + 359, -895 = -5*p - 2*z. Suppose p = -c*g + 6*g. Calculate the remainder when g is divided by 15.
14
Suppose 0 = -11*k - 58 + 168. What is the remainder when 25 is divided by k?
5
Suppose 60 = 4*x + 24. Calculate the remainder when ((-34)/(-6))/(4/12) is divided by x.
8
Suppose 7*f - 51 = 54. What is the remainder when f is divided by 7?
1
Suppose 3*f - 5*x + 28 = 0, -12 = 4*f - 4*x + 12. Let z = 20 - f. What is the remainder when z is divided by 11?
10
Let x = -44 - -49. Let m = 4 - 2. Suppose 4 = -0*f + m*f. What is the remainder when x is divided by f?
1
Let x be (0 - -4)*(0 - -1). Suppose -42 = -5*m + x*q, 2*m = -2*m - 5*q + 50. Calculate the remainder when 19 is divided by m.
9
Suppose 3*d - 2*u - 33 = -6*u, -4*d + 5*u + 13 = 0. What is the remainder when 10 is divided by d?
3
Let g(y) = -2*y**3 + 2*y**2 - y. Suppose -2*r + 4*i - 8 = 0, -r - i = -2*i + 3. Calculate the remainder when g(r) is divided by 14.
12
Suppose -3*x + p - 1 = -4*x, 10 = -2*p. Let m = 3 - x. Let c = m + 14. What is the remainder when c is divided by 3?
2
Let y be 9 + ((-3)/(-1))/3. Let p(l) = 2*l - 10. Calculate the remainder when 28 is divided by p(y).
8
Let b(y) = 7*y + 6. What is the remainder when b(7) is divided by 19?
17
Let g = 0 + 41. What is the remainder when g is divided by 11?
8
Suppose 0 = 6*j - 206 - 40. Calculate the remainder when 117 is divided by j.
35
Let c be ((-30)/(-5))/((-6)/(-4)). Suppose l - 27 = c. Let s = -5 - -13. Calculate the remainder when l is divided by s.
7
Let b(s) = -s**3 - 2*s**2 - s + 43. What is the remainder when b(0) is divided by 12?
7
Suppose a - 318 = -5*a. Calculate the remainder when a is divided by 28.
25
Let b be (-27)/(2/40*-6). Suppose 2*o = 4*u - b, -o = 4*u - 4*o - 89. What is the remainder when u is divided by 6?
5
Suppose 4*y + 4*t - 192 = 0, -4*y - t = -4*t - 220. Calculate the remainder when y is divided by 14.
10
Let q(f) be the first derivative of -f**3/3 - f**2 + f + 2. Let t be q(-3). What is the remainder when 4 is divided by 2*t/(-12)*9?
1
Let y be (-3 + 2 + 1)/(-2). Suppose -l + 32 = l + 3*m, y = -5*l - 3*m + 62. Calculate the remainder when 28 is divided by l.
8
Suppose 10*r - 66 = 4*r. Calculate the remainder when 53 is divided by r.
9
Let x = 95 + -81. What is the remainder when 108 is divided by x?
10
Suppose -2*c + 11 + 11 = 0. Calculate the remainder when c is divided by ((-2)/5)/((-1)/10).
3
Suppose 0*c + 4*c - 368 = 4*s, -2*c = 5*s - 177. Calculate the remainder when c is divided by 35.
21
Suppose -4*t + 537 - 128 = 5*g, -5*g = -3*t + 333. Calculate the remainder when t is divided by 27.
25
Let m be 2/(-4) - (-150)/12. Let j be (2/2)/(3/m). Suppose -5*i - h = -50, -j = 2*i - 5*h - 51. Calculate the remainder when 42 is divided by i.
9
Suppose -29 + 95 = 11*o. Let i(u) = u**3 + 5*u**2 - u - 5. What is the remainder when i(-4) is divided by o?
3
Let t = -4 - -6. Suppose -m = m - t. Calculate the remainder when 3 is divided by m.
0
Let n(f) = -f**3 - 2*f**2 - 3. Calculate the remainder when 23 is divided by n(-3).
5
Suppose 4*t = q + 27, 0 = 2*q - q + 3. What is the remainder when 10 is divided by t?
4
Let f(n) = 9*n**2 + n + 1. What is the remainder when 139 is divided by f(-2)?
34
Let w be 1*2*(-3)/(-6). Let k be -1 + 5/w - -2. Suppose k*p = p + 25. What is the remainder when 9 is divided by p?
4
Suppose 8*k - k - 49 = 0. What is the remainder when k is divided by 5?
2
Let t = -16 - -17. Let o(n) = 49*n. Calculate the remainder when o(t) is divided by 13.
10
Let v(y) = -y**3 - 2*y**2 + 3*y - 1. Suppose -4*n + 84 = -4*d, n - d + 2*d = 19. What is the remainder when v(-5) is divided by n?
19
Let f(r) = r**3 - 9*r**2 - 11*r + 13. Let d be f(10). Suppose 10 - 3 = d*z + i, z - 3*i - 19 = 0. What is the remainder when 11 is divided by z?
3
Let m be (4 - 1)*16/6. What is the remainder when (10/m)/(1/12) is divided by 8?
7
Suppose 0 = -r - r + 14. Let y be 1*(-5 + 4)*17. Let s = y + 20. Calculate the remainder when r is divided by s.
1
Let s(o) = -o**3 - 5*o**2 + o - 7. Let b be s(-5). Suppose 2*n - 13 = 41. Calculate the remainder when n is divided by 80/6 - 8/b.
13
Suppose 4*r - 6 - 14 = 0. Let i(p) = -p - p - 3*p - r. What is the remainder when i(-4) is divided by 4?
3
Suppose -2*l - 155 = -5*o, 15 + 140 = 5*o + l. What is the remainder when o is divided by 8?
7
Let f = 9 + 2. Suppose -4*y + 0*y - 5*g = -70, -4*y = 4*g - 72. What is the remainder when y is divided by f?
9
Suppose -17*d + 998 = -1042. What is the remainder when d is divided by 11?
10
Let f = 2 - -1. Suppose -5*c + 0*z + 141 = -z, -f*c + 67 = -5*z. Let w = c + -17. What is the remainder when w is divided by 7?
5
Let n = 16 + 1. Let i(v) = 3*v**2 + 3*v - 6. Let k(b) = -7*b**2 - 5*b + 13. Let d(p) = -9*i(p) - 4*k(p). What is the remainder when n is divided by d(8)?
7
Let t(r) = 66*r**3 + 2*r**2 - 1. Calculate the remainder when t(1) is divided by 24.
19
Let l(x) = -2*x**3 - 3*x**2 + 1. Let m(s) = s**3 - 4*s**2 - 5*s - 4. Let y be m(5). What is the remainder when 6/y*28/(-3) is divided by l(-2)?
4
Let g(t) = t**3 - 11*t**2 - 13*t + 16. Suppose 2*y - 2 = 3*l, -5*l + 0 = -3*y + 2. What is the remainder when g(12) is divided by l?
0
Suppose -5*s + s = 0, r + 2*s